{"id":477,"date":"2026-01-13T16:55:30","date_gmt":"2026-01-13T15:55:30","guid":{"rendered":"https:\/\/degaspericinema.com\/?page_id=477"},"modified":"2026-02-11T18:00:48","modified_gmt":"2026-02-11T17:00:48","slug":"degaspericinema-1","status":"publish","type":"page","link":"https:\/\/degaspericinema.com\/","title":{"rendered":"DegasperiCinema"},"content":{"rendered":"<div class=\"\" style=\"\" >\n    \n    <section class=\"u-clearfix u-gradient u-section-2\" id=\"block-1\">\n      <div class=\"u-clearfix u-sheet u-valign-middle u-sheet-1\">\n        <h1 class=\"u-align-center-md u-align-center-sm u-align-center-xs u-align-left-lg u-align-left-xl u-custom-font u-font-montserrat u-text u-text-body-alt-color u-text-1\" data-animation-name=\"customAnimationIn\" data-animation-duration=\"500\" data-animation-delay=\"0\"> Capturer l'\u00e9motion, raconter l'instant. Nous mettons notre passion au service de vos projets.<\/h1>\n      <\/div>\n    <\/section>\n    <section class=\"u-clearfix u-image u-shading u-uploaded-video u-section-3\" id=\"block-2\" style=\"background-image: linear-gradient(rgba(0, 0, 0, 0.1), rgba(0, 0, 0, 0.1)), url(&quot;https:\/\/degaspericinema.com\/wp-content\/uploads\/2025\/12\/0070_A_H-070-2048x1365.jpg&quot;);\">\n      <div class=\"u-clearfix u-sheet u-valign-middle u-sheet-1\">\n        <div class=\"u-border-1 u-border-white u-container-style u-expanded-width-xs u-group u-hover-feature u-group-1\" data-href=\"https:\/\/degaspericinema.com\/index.php\/mariage\/\">\n          <div class=\"u-container-layout u-valign-middle u-container-layout-1\">\n            <h1 class=\"u-custom-font u-font-montserrat u-hover-feature u-text u-text-default u-text-body-alt-color u-text-1\">\n              <a class=\"u-btn u-button-link u-button-style u-custom-font u-font-montserrat u-text-body-alt-color u-btn-1\" href=\"https:\/\/degaspericinema.com\/index.php\/mariage\/\">Mariage<\/a>\n            <\/h1>\n          <\/div>\n        <\/div>\n      <\/div>\n      \n      \n    <\/section>\n    <section class=\"u-clearfix u-image u-shading u-section-4\" id=\"block-3\" style=\"background-image: linear-gradient(rgba(0, 0, 0, 0.15), rgba(0, 0, 0, 0.15)), url(&quot;https:\/\/degaspericinema.com\/wp-content\/uploads\/2026\/01\/Gemini_Generated_Image_reccrjreccrjrecc.png&quot;);\">\n      <div class=\"u-clearfix u-sheet u-valign-middle u-sheet-1\">\n        <div class=\"u-border-1 u-border-white u-container-style u-expanded-width-xs u-group u-hover-feature u-group-1\" data-href=\"https:\/\/degaspericinema.com\/index.php\/drone\/\">\n          <div class=\"u-container-layout u-valign-middle u-container-layout-1\">\n            <h1 class=\"u-custom-font u-font-montserrat u-hover-feature u-text u-text-default u-text-body-alt-color u-text-1\">\n              <a class=\"u-btn u-button-link u-button-style u-custom-font u-font-montserrat u-text-body-alt-color u-btn-1\" href=\"https:\/\/degaspericinema.com\/index.php\/drone\/\">Dr\u00f4ne <\/a>\n            <\/h1>\n          <\/div>\n        <\/div>\n      <\/div>\n      \n      \n    <\/section>\n    <section class=\"u-clearfix u-image u-shading u-section-5\" id=\"block-6\" style=\"background-image: linear-gradient(rgba(0, 0, 0, 0.3), rgba(0, 0, 0, 0.3)), url(&quot;https:\/\/degaspericinema.com\/wp-content\/uploads\/2026\/01\/sports-5500917-scaled.jpg&quot;);\">\n      <div class=\"u-clearfix u-sheet u-valign-middle u-sheet-1\">\n        <div class=\"u-border-1 u-border-white u-container-style u-expanded-width-xs u-group u-hover-feature u-group-1\" data-href=\"https:\/\/degaspericinema.com\/index.php\/fiction\/\">\n          <div class=\"u-container-layout u-valign-middle u-container-layout-1\">\n            <p class=\"u-custom-font u-font-montserrat u-hover-feature u-text u-text-default u-text-1\">\n              <a class=\"u-btn u-button-link u-button-style u-custom-font u-font-montserrat u-text-body-alt-color u-btn-1\" href=\"https:\/\/degaspericinema.com\/index.php\/fiction\/\">Sport<\/a>\n            <\/p>\n          <\/div>\n        <\/div>\n      <\/div>\n      \n      \n    <\/section>\n    <section class=\"u-clearfix u-image u-shading u-section-6\" id=\"block-5\" style=\"background-image: linear-gradient(rgba(0, 0, 0, 0.25), rgba(0, 0, 0, 0.25)), url(&quot;https:\/\/degaspericinema.com\/wp-content\/uploads\/2026\/01\/Firefly_GeminiFlash_Unetablevududessusdescouleurchaudestylepizzeriaetuneboiteapizzasurl497840.png&quot;);\">\n      <div class=\"u-clearfix u-sheet u-valign-middle u-sheet-1\">\n        <div class=\"u-border-1 u-border-white u-container-style u-expanded-width-xs u-group u-hover-feature u-group-1\" data-href=\"https:\/\/degaspericinema.com\/index.php\/publicite\/\">\n          <div class=\"u-container-layout u-valign-middle-md u-valign-middle-sm u-valign-middle-xs u-container-layout-1\">\n            <h1 class=\"u-custom-font u-font-montserrat u-hover-feature u-text u-text-default u-text-body-alt-color u-text-1\">\n              <a class=\"u-btn u-button-link u-button-style u-custom-font u-font-montserrat u-text-body-alt-color u-btn-1\" href=\"https:\/\/degaspericinema.com\/index.php\/publicite\/\">Publicit\u00e9 <\/a>\n            <\/h1>\n          <\/div>\n        <\/div>\n      <\/div>\n      \n      \n    <\/section>\n    <section class=\"u-clearfix u-image u-section-7\" id=\"block-4\" style=\"background-image: url(&quot;https:\/\/degaspericinema.com\/wp-content\/uploads\/2025\/04\/Sikocapture.png&quot;);\">\n      <div class=\"u-clearfix u-sheet u-valign-middle u-sheet-1\">\n        <div class=\"u-border-1 u-border-white u-container-style u-expanded-width-xs u-group u-hover-feature u-group-1\" data-href=\"https:\/\/degaspericinema.com\/index.php\/clip\/\">\n          <div class=\"u-container-layout u-valign-middle u-container-layout-1\">\n            <h1 class=\"u-custom-font u-font-montserrat u-hover-feature u-text u-text-default u-text-body-alt-color u-text-1\">\n              <a class=\"u-btn u-button-link u-button-style u-custom-font u-font-montserrat u-text-body-alt-color u-btn-1\" href=\"https:\/\/degaspericinema.com\/index.php\/clip\/\">Clip <\/a>\n            <\/h1>\n          <\/div>\n        <\/div>\n      <\/div>\n      \n      \n    <\/section>\n    \n    \n    \n  \n<\/div>","protected":false},"excerpt":{"rendered":"<p>Capturer l&rsquo;\u00e9motion, raconter l&rsquo;instant. Nous mettons notre passion au service de vos projets. Mariage Dr\u00f4ne Sport Publicit\u00e9 Clip<\/p>\n","protected":false},"author":1,"featured_media":0,"parent":0,"menu_order":0,"comment_status":"closed","ping_status":"closed","template":"","meta":{"footnotes":""},"class_list":["post-477","page","type-page","status-publish","hentry"],"_links":{"self":[{"href":"https:\/\/degaspericinema.com\/index.php\/wp-json\/wp\/v2\/pages\/477","targetHints":{"allow":["GET"]}}],"collection":[{"href":"https:\/\/degaspericinema.com\/index.php\/wp-json\/wp\/v2\/pages"}],"about":[{"href":"https:\/\/degaspericinema.com\/index.php\/wp-json\/wp\/v2\/types\/page"}],"author":[{"embeddable":true,"href":"https:\/\/degaspericinema.com\/index.php\/wp-json\/wp\/v2\/users\/1"}],"replies":[{"embeddable":true,"href":"https:\/\/degaspericinema.com\/index.php\/wp-json\/wp\/v2\/comments?post=477"}],"version-history":[{"count":23,"href":"https:\/\/degaspericinema.com\/index.php\/wp-json\/wp\/v2\/pages\/477\/revisions"}],"predecessor-version":[{"id":611,"href":"https:\/\/degaspericinema.com\/index.php\/wp-json\/wp\/v2\/pages\/477\/revisions\/611"}],"wp:attachment":[{"href":"https:\/\/degaspericinema.com\/index.php\/wp-json\/wp\/v2\/media?parent=477"}],"curies":[{"name":"wp","href":"https:\/\/api.w.org\/{rel}","templated":true}]}}