{"id":459,"date":"2026-01-09T15:16:33","date_gmt":"2026-01-09T14:16:33","guid":{"rendered":"https:\/\/degaspericinema.com\/?page_id=459"},"modified":"2026-01-28T19:17:39","modified_gmt":"2026-01-28T18:17:39","slug":"pack","status":"publish","type":"page","link":"https:\/\/degaspericinema.com\/index.php\/pack\/","title":{"rendered":"Pack"},"content":{"rendered":"<div class=\"\" style=\"\" >\n    \n    <section class=\"u-clearfix u-gradient u-section-2\" id=\"block-1\">\n      <div class=\"u-clearfix u-sheet u-valign-middle-lg u-valign-middle-md u-valign-middle-sm u-valign-middle-xl u-sheet-1\">\n        <div class=\"u-border-1 u-border-white u-container-style u-expanded-width-xs u-group u-group-1\">\n          <div class=\"u-container-layout u-valign-middle-xs u-valign-top-lg u-valign-top-md u-valign-top-sm u-valign-top-xl u-container-layout-1\">\n            <h1 class=\"u-custom-font u-font-montserrat u-text u-text-body-alt-color u-text-1\">Nos diff\u00e9rents pack<\/h1>\n          <\/div>\n        <\/div>\n      <\/div>\n    <\/section>\n    <section class=\"u-clearfix u-gradient u-section-3\" id=\"block-2\">\n      <div class=\"u-clearfix u-sheet u-valign-middle-lg u-valign-middle-md u-valign-middle-sm u-valign-middle-xl u-sheet-1\">\n        <div class=\"u-align-left-lg u-align-left-md u-align-left-sm u-align-left-xl u-border-1 u-border-white u-container-style u-group u-image u-shading u-image-1\" data-image-width=\"1499\" data-image-height=\"1567\" style=\"background-image: linear-gradient(rgba(0, 0, 0, 0.5), rgba(0, 0, 0, 0.5)), url(&quot;https:\/\/degaspericinema.com\/wp-content\/uploads\/2026\/01\/Calque0.png&quot;);\">\n          <div class=\"u-container-layout u-valign-middle u-container-layout-1\">\n            <h1 class=\"u-custom-font u-font-montserrat u-text u-text-body-alt-color u-text-1\">Pack Souvenir <\/h1>\n          <\/div>\n        <\/div>\n        <div class=\"u-border-1 u-border-white u-container-style u-group u-hidden-xs u-image u-shading u-image-2\" data-image-width=\"2048\" data-image-height=\"1734\" style=\"background-image: linear-gradient(rgba(0, 0, 0, 0.5), rgba(0, 0, 0, 0.5)), url(&quot;https:\/\/degaspericinema.com\/wp-content\/uploads\/2026\/01\/ai-generated-8878280-2048x1734.png&quot;);\">\n          <div class=\"u-container-layout u-valign-middle u-container-layout-2\">\n            <h1 class=\"u-custom-font u-font-montserrat u-text u-text-body-alt-color u-text-2\">Pack Harmoni\u200be<\/h1>\n          <\/div>\n        <\/div>\n        <div class=\"u-border-1 u-border-white u-container-style u-group u-hidden-xs u-image u-shading u-image-3\" style=\"background-image: linear-gradient(rgba(0, 0, 0, 0.4), rgba(0, 0, 0, 0.4)), url(&quot;https:\/\/degaspericinema.com\/wp-content\/uploads\/2026\/01\/ai-generated-8878323.png&quot;);\">\n          <div class=\"u-container-layout u-valign-middle u-container-layout-3\">\n            <h1 class=\"u-custom-font u-font-montserrat u-text u-text-body-alt-color u-text-3\">Pack \u00c9ternit\u00e9<\/h1>\n          <\/div>\n        <\/div>\n        <p class=\"u-align-center-xs u-custom-font u-font-montserrat u-hidden-xl u-text u-text-body-alt-color u-text-default-lg u-text-default-md u-text-default-sm u-text-default-xl u-text-4\" data-animation-name=\"customAnimationIn\" data-animation-duration=\"1000\" data-animation-delay=\"0\"> 4h de captation<br>\n          <br>Pr\u00e9paratifs des mari\u00e9s<br>\n          <br>C\u00e9r\u00e9monie<br>\n          <br>Vin d'Honneur<br>\n          <br>Plans au sol&nbsp;<br>\n          <br>Vid\u00e9o de <span style=\"font-weight: 700;\">5<\/span> \u00e0 <b>10&nbsp;<\/b>minutes<br>\n          <br>Vid\u00e9o en format t\u00e9l\u00e9chargeable\n        <\/p>\n        <h1 class=\"u-custom-font u-font-montserrat u-hidden-md u-hidden-xl u-text u-text-body-alt-color u-text-default u-text-5\" data-animation-name=\"customAnimationIn\" data-animation-duration=\"1000\" data-animation-delay=\"500\"> \u00e0 partir de <span style=\"font-weight: 700;\">1200\u20ac<\/span>\n        <\/h1>\n      <\/div>\n    <\/section>\n    <section class=\"u-clearfix u-gradient u-hidden-xs u-section-4\" id=\"block-3\">\n      <div class=\"u-clearfix u-sheet u-sheet-1\">\n        <p class=\"u-align-center u-custom-font u-font-montserrat u-text u-text-body-alt-color u-text-1\" data-animation-name=\"customAnimationIn\" data-animation-duration=\"1000\" data-animation-delay=\"0\">4h de captation<br>\n          <br>Pr\u00e9paratifs des mari\u00e9s<br>\n          <br>C\u00e9r\u00e9monie<br>\n          <br>Vin d'Honneur<br>\n          <br>Plans au sol&nbsp;<br>\n          <br>Vid\u00e9o de <span style=\"font-weight: 700;\">5<\/span> \u00e0 <b>10&nbsp;<\/b>minutes<br>\n          <br>Vid\u00e9o en format t\u00e9l\u00e9chargeable\n        <\/p>\n        <p class=\"u-align-center u-custom-font u-font-montserrat u-text u-text-body-alt-color u-text-2\" data-animation-name=\"customAnimationIn\" data-animation-duration=\"1000\" data-animation-delay=\"500\">6h de captation<br>\n          <br>Pr\u00e9paratifs des mari\u00e9s<br>\n          <br>C\u00e9r\u00e9monie<br>\n          <br>Vin d'Honneur<br>\n          <br>Ouverture de bal<br>\n          <br>MultiCamera<br>\n          <br>Plans au sol&nbsp;<br>\n          <br>Vid\u00e9o de <span style=\"font-weight: 700;\">12&nbsp;<\/span>\u00e0 <b>20<\/b>&nbsp;minutes<br>\n          <br>Vid\u00e9o en format t\u00e9l\u00e9chargeable<br>ou<br>sur support externe\n        <\/p>\n        <p class=\"u-align-center u-custom-font u-font-montserrat u-text u-text-body-alt-color u-text-3\" data-animation-name=\"customAnimationIn\" data-animation-duration=\"1000\" data-animation-delay=\"1000\">10h de captation<br>\n          <br>Pr\u00e9paratifs des mari\u00e9s<br>\n          <br>C\u00e9r\u00e9monie<br>\n          <br>Vin d'Honneur<br>\n          <br>Ouverture de bal<br>\n          <br>MultiCamera<br>\n          <br>Plans au sol et Drone<br>\n          <br>Vid\u00e9o de <span style=\"font-weight: 700;\">20<\/span> \u00e0 <span style=\"font-weight: 700;\">40<\/span>\n          <span style=\"font-weight: 700;\">&nbsp;<\/span>minutes<br>\n          <br>Vid\u00e9o en format t\u00e9l\u00e9chargeable<br>ou<br>sur support externe\n        <\/p>\n        <div class=\"u-align-left u-border-3 u-border-grey-dark-1 u-hidden-xs u-line u-line-vertical u-line-1\"><\/div>\n        <div class=\"u-border-3 u-border-grey-dark-1 u-hidden-xs u-line u-line-vertical u-line-2\"><\/div>\n        <div class=\"u-border-3 u-border-grey-dark-1 u-hidden-xs u-line u-line-vertical u-line-3\"><\/div>\n        <div class=\"u-border-3 u-border-grey-dark-1 u-hidden-xs u-line u-line-vertical u-line-4\"><\/div>\n      <\/div>\n    <\/section>\n    <section class=\"u-clearfix u-gradient u-hidden-xl u-section-5\" id=\"block-4\">\n      <div class=\"u-clearfix u-sheet u-sheet-1\">\n        <div class=\"u-border-1 u-border-white u-container-style u-group u-hidden-xl u-image u-shading u-image-1\" data-image-width=\"2048\" data-image-height=\"1734\" style=\"background-image: linear-gradient(rgba(0, 0, 0, 0.5), rgba(0, 0, 0, 0.5)), url(&quot;https:\/\/degaspericinema.com\/wp-content\/uploads\/2026\/01\/ai-generated-8878280-2048x1734.png&quot;);\">\n          <div class=\"u-container-layout u-valign-middle u-container-layout-1\">\n            <h1 class=\"u-custom-font u-font-montserrat u-text u-text-body-alt-color u-text-1\">Pack Harmoni\u200be<\/h1>\n          <\/div>\n        <\/div>\n        <h1 class=\"u-align-center-xs u-custom-font u-font-montserrat u-hidden-xl u-text u-text-body-alt-color u-text-default-lg u-text-default-md u-text-default-sm u-text-default-xl u-text-2\" data-animation-name=\"customAnimationIn\" data-animation-duration=\"1000\" data-animation-delay=\"0\"> 6h de captation<br>\n          <br>Pr\u00e9paratifs des mari\u00e9s<br>\n          <br>C\u00e9r\u00e9monie<br>\n          <br>Vin d'Honneur<br>\n          <br>Ouverture de bal<br>\n          <br>MultiCamera<br>\n          <br>Plans au sol&nbsp;<br>\n          <br>Vid\u00e9o de <b>12<\/b>&nbsp;\u00e0 <b>20<\/b>&nbsp;minutes<br>\n          <br>Vid\u00e9o en format t\u00e9l\u00e9chargeable<br>\n          <span style=\"font-weight: 700;\">ou<\/span>\n          <br>sur support externe\n        <\/h1>\n        <h1 class=\"u-custom-font u-font-montserrat u-hidden-md u-hidden-xl u-text u-text-body-alt-color u-text-default-lg u-text-default-md u-text-default-sm u-text-default-xl u-text-3\" data-animation-name=\"customAnimationIn\" data-animation-duration=\"1000\" data-animation-delay=\"500\"> \u00e0 partir de <span style=\"font-weight: 700;\">2500\u20ac<\/span>\n        <\/h1>\n      <\/div>\n    <\/section>\n    <section class=\"u-clearfix u-gradient u-hidden-xl u-section-6\" id=\"block-5\">\n      <div class=\"u-clearfix u-sheet u-sheet-1\">\n        <div class=\"u-border-1 u-border-white u-container-style u-group u-image u-shading u-image-1\" style=\"background-image: linear-gradient(rgba(0, 0, 0, 0.4), rgba(0, 0, 0, 0.4)), url(&quot;https:\/\/degaspericinema.com\/wp-content\/uploads\/2026\/01\/ai-generated-8878323.png&quot;);\">\n          <div class=\"u-container-layout u-valign-middle u-container-layout-1\">\n            <h1 class=\"u-custom-font u-font-montserrat u-text u-text-body-alt-color u-text-1\">Pack \u00c9ternit\u00e9<\/h1>\n          <\/div>\n        <\/div>\n        <h1 class=\"u-align-center-xs u-custom-font u-font-montserrat u-hidden-xl u-text u-text-body-alt-color u-text-default-lg u-text-default-md u-text-default-sm u-text-default-xl u-text-2\" data-animation-name=\"customAnimationIn\" data-animation-duration=\"1000\" data-animation-delay=\"0\"> 10h de captation<br>\n          <br>Pr\u00e9paratifs des mari\u00e9s<br>\n          <br>C\u00e9r\u00e9monie<br>\n          <br>Vin d'Honneur<br>\n          <br>Ouverture de bal<br>\n          <br>MultiCamera<br>\n          <br>Plans au sol et Drone<br>\n          <br>Vid\u00e9o de <span style=\"font-weight: 700;\">20<\/span> \u00e0 <b>40<\/b>&nbsp;minutes<br>\n          <br>Vid\u00e9o en format t\u00e9l\u00e9chargeable<br>\n          <span style=\"font-weight: 700;\">ou<\/span>\n          <br>sur support externe\n        <\/h1>\n        <h1 class=\"u-custom-font u-font-montserrat u-hidden-xl u-text u-text-default u-text-3\">Exemple de titre<\/h1>\n        <h1 class=\"u-custom-font u-font-montserrat u-hidden-md u-hidden-xl u-text u-text-body-alt-color u-text-default u-text-4\" data-animation-name=\"customAnimationIn\" data-animation-duration=\"1000\" data-animation-delay=\"500\">\u00e0 partir de <span style=\"font-weight: 700;\">4500\u20ac<\/span>\n        <\/h1>\n      <\/div>\n    <\/section>\n    <section class=\"u-clearfix u-gradient u-hidden-xs u-section-7\" id=\"block-6\">\n      <div class=\"u-clearfix u-sheet u-valign-middle u-sheet-1\">\n        <div class=\"u-align-left u-border-1 u-border-white u-container-align-left u-container-style u-group u-group-1\">\n          <div class=\"u-container-layout u-valign-middle u-container-layout-1\">\n            <h1 class=\"u-custom-font u-font-montserrat u-text u-text-body-alt-color u-text-1\">\u00e0 partir de <span style=\"font-weight: 700;\">1200\u20ac<\/span>\n            <\/h1>\n          <\/div>\n        <\/div>\n        <div class=\"u-align-left u-border-1 u-border-white u-container-align-left u-container-style u-group u-group-2\">\n          <div class=\"u-container-layout u-valign-middle u-container-layout-2\">\n            <h1 class=\"u-custom-font u-font-montserrat u-text u-text-body-alt-color u-text-2\">\u00e0 partir de <span style=\"font-weight: 700;\">2500\u20ac<\/span>\n            <\/h1>\n          <\/div>\n        <\/div>\n        <div class=\"u-border-1 u-border-white u-container-style u-group u-group-3\">\n          <div class=\"u-container-layout u-valign-middle u-container-layout-3\">\n            <h1 class=\"u-custom-font u-font-montserrat u-text u-text-body-alt-color u-text-3\">\u00e0 partir de <span style=\"font-weight: 700;\">4500<\/span>\n              <span style=\"font-weight: 700;\">\u20ac<\/span>\n            <\/h1>\n          <\/div>\n        <\/div>\n      <\/div>\n    <\/section>\n    \n    \n    \n  \n<\/div>","protected":false},"excerpt":{"rendered":"<p>Nos diff\u00e9rents pack Pack Souvenir Pack Harmoni\u200be Pack \u00c9ternit\u00e9 4h de captation Pr\u00e9paratifs des mari\u00e9s C\u00e9r\u00e9monie Vin d&rsquo;Honneur Plans au sol&nbsp; Vid\u00e9o de 5 \u00e0 10&nbsp;minutes Vid\u00e9o en format t\u00e9l\u00e9chargeable \u00e0 partir de 1200\u20ac 4h de captation Pr\u00e9paratifs des mari\u00e9s C\u00e9r\u00e9monie Vin d&rsquo;Honneur Plans au sol&nbsp; Vid\u00e9o de 5 \u00e0 10&nbsp;minutes Vid\u00e9o en format t\u00e9l\u00e9chargeable [&hellip;]<\/p>\n","protected":false},"author":1,"featured_media":0,"parent":0,"menu_order":0,"comment_status":"closed","ping_status":"closed","template":"","meta":{"footnotes":""},"class_list":["post-459","page","type-page","status-publish","hentry"],"_links":{"self":[{"href":"https:\/\/degaspericinema.com\/index.php\/wp-json\/wp\/v2\/pages\/459","targetHints":{"allow":["GET"]}}],"collection":[{"href":"https:\/\/degaspericinema.com\/index.php\/wp-json\/wp\/v2\/pages"}],"about":[{"href":"https:\/\/degaspericinema.com\/index.php\/wp-json\/wp\/v2\/types\/page"}],"author":[{"embeddable":true,"href":"https:\/\/degaspericinema.com\/index.php\/wp-json\/wp\/v2\/users\/1"}],"replies":[{"embeddable":true,"href":"https:\/\/degaspericinema.com\/index.php\/wp-json\/wp\/v2\/comments?post=459"}],"version-history":[{"count":16,"href":"https:\/\/degaspericinema.com\/index.php\/wp-json\/wp\/v2\/pages\/459\/revisions"}],"predecessor-version":[{"id":645,"href":"https:\/\/degaspericinema.com\/index.php\/wp-json\/wp\/v2\/pages\/459\/revisions\/645"}],"wp:attachment":[{"href":"https:\/\/degaspericinema.com\/index.php\/wp-json\/wp\/v2\/media?parent=459"}],"curies":[{"name":"wp","href":"https:\/\/api.w.org\/{rel}","templated":true}]}}